alculate z(j).
5
Let g(m) be the first derivative of m**3/3 - 4*m + 1. Suppose 0 = -2*r + 1 + 3. Suppose r*d - 6 + 0 = 0. Determine g(d).
5
Let z(c) = c**2 - c + 5. Let a(x) = 2*x + 7. Let f be a(-6). Let j be (24/(-15) + 1)*f. Suppose 0 = j*i - 0*i. What is z(i)?
5
Let m(w) = -w**2 + 7*w - 4. Let f be m(6). Let q(r) = r**3 + 2*r**3 - r**3 - 3*r**3 - r**f + 4*r. Calculate q(-3).
6
Suppose 4*z + 0*y = -2*y + 18, -39 = -5*z + 3*y. Let i(t) = -8*t - z - t**2 + 0*t**2 + 0*t - 1. What is i(-5)?
8
Let j(g) = g**2 - 4*g - 4. Let h be ((-40)/(-25))/(4/10). Suppose 3 + 17 = h*m. Give j(m).
1
Let p(s) = -2 - s + 2*s**3 + 1 + 2*s. Let t(i) = i**3 - 5*i**2 + 4*i - 4. Let w be t(4). Let u = -3 - w. Determine p(u).
2
Suppose -3*c - 9 = -6*c. Suppose -4*r + 8*r - 4 = 0. Let d(s) = 1 + r - c - 7*s. Calculate d(-1).
6
Let f(b) be the first derivative of b**2 + 5*b - 2. Let j(r) = r**2 - r + 6. Let z be j(0). Let o = z - 10. Give f(o).
-3
Let w be 3*-1 + -8 + 13. Suppose 0 = w*y + 2*s, y - 3*s = 6*y + 2. Let f(x) = -5*x**2 - x**2 - x**2. Calculate f(y).
-7
Let d(m) = 4*m**2 + 7*m + 6. Let f(w) = 4*w**2 + 7*w + 5. Let o(h) = 4*d(h) - 5*f(h). Let n(y) = -3*y**2 - 7*y - 2. Let q(v) = 3*n(v) - 2*o(v). Determine q(-5).
6
Let v(x) = -10 - 11*x + 11*x + 0*x + x. What is v(8)?
-2
Let a(p) = p**2 + 6*p. Let i be 2*((-4)/8 + -1). Let m be (10/6)/(i/9). Determine a(m).
-5
Let w = 113 + -121. Let i(f) = f**3 + 9*f**2 + 10*f + 2. What is i(w)?
-14
Let c(v) = 0*v**3 - 7*v - v**3 + 6*v + 2*v + 2. Give c(0).
2
Let q(t) = 178*t**2 - 7*t + 1 - 179*t**2 + 1. What is q(-5)?
12
Let t = 6 + -4. Let d(k) = 6 - t*k**2 - k**2 - 4*k + 4*k**2. Suppose 9*w + 12 = 48. What is d(w)?
6
Let z(r) = 4*r**3 - 7*r - 8 - 11*r**3 - 4*r**2 + 8*r**3. Calculate z(6).
22
Let f(s) = 4*s - 2. Let n(z) = 1. Let b(i) = f(i) + 2*n(i). Calculate b(3).
12
Let m(y) = 6*y. Let l(o) = o + 3 - 2*o**2 - o**3 + 3*o**2 - 2*o**2 - 2. Let h be l(0). Give m(h).
6
Let w(y) = 2*y - 11. Let k be w(12). Suppose 7*i + k = 2*i + 4*f, 2*f + 26 = -4*i. Let q(m) = -m - 3. Calculate q(i).
2
Let g(f) = f**3 - 5*f**2 + f - 1. Let q be g(5). Let m(u) = u**3 - 4*u**2 - 2*u - 2. What is m(q)?
-10
Let u be (-225)/(-81) + 2/9. Let h(z) = -z**2 + 2*z - 2. Calculate h(u).
-5
Let d(r) be the third derivative of r**6/30 - r**5/60 + r**4/24 - 21*r**2. Calculate d(1).
4
Let b(q) = q**3 - 5*q**2 + 6*q. Let p be (-14)/6 - (-2)/(-3). Let m(o) = -o + 1. Let u be m(p). What is b(u)?
8
Let j(l) = -l**3 + l + 3. Let z be j(0). Let u(b) = 2 - b**2 - 3*b - z + 0*b**2. Calculate u(-1).
1
Let i be 46/14 + 2/(-7). Suppose i*u = 2*m + 13 + 7, 4*m = -4*u. Let r(z) be the first derivative of -z**3/3 + 2*z**2 - 2*z - 2. What is r(u)?
-2
Let g(i) = -i**2 + 6*i - 1. Let c be g(5). Let q(f) be the first derivative of 3*f**2 - 4 - 1/3*f**3 - 5*f. What is q(c)?
3
Let b(m) be the third derivative of -m**5/60 + m**4/12 - m**3/6 - 3*m**2. Determine b(4).
-9
Let w(o) = 2*o**2 - o + 1. Let p be w(1). Let k(r) = -3 + 3*r + 1 - 1 - r**3. Calculate k(p).
-5
Let w(r) = -r**2 - 6*r + 5. Let h(c) = -3*c**2 + 6*c + 2. Let g be h(3). Give w(g).
-2
Let i(k) = -6*k + k - 5 + 4*k. Let x = 12 - 18. Determine i(x).
1
Let h(w) = -3*w - 5. Let k(g) = -2*g - 3. Let f(z) = 3*h(z) - 5*k(z). Calculate f(0).
0
Let o(q) be the second derivative of 1/12*q**4 - 2/3*q**3 + 1/2*q**2 + 0 - q. What is o(3)?
-2
Let i be ((-274)/(-30) - (-2)/(-15)) + -3. Let s(q) = q**3 - 7*q**2 + 9*q - 3. Give s(i).
15
Suppose -13*c - 2 = -15*c. Let h(i) = -13*i**2. Calculate h(c).
-13
Let f(q) = -2*q**2 - 4*q - 2. Suppose -120 = 4*k - 9*k. Let c be 2/(-7) + k/(-14). Calculate f(c).
-2
Let i(s) = s**2 + s + 1. Let k be i(-2). Let x(j) be the third derivative of -1/120*j**6 + 3*j**2 + 0 + 1/6*j**4 + 1/60*j**5 - 1/6*j**k + 0*j. Determine x(3).
-7
Let g(w) = -w**3 - w**2 - w - 1. Let k(t) = -6*t**2 - 6*t - 5. Let z(p) = -g(p) - k(p). Give z(-4).
26
Let x(b) = -b**2 - 12*b + 7. Let k be x(-13). Let q(u) = -u + 1. Give q(k).
7
Let c = 1 - -1. Let z(t) = -1 + 4*t + t**c - 3 - 1. Give z(-5).
0
Let b(r) be the first derivative of r**4/4 + 2*r**3 + 5*r**2/2 - 3*r - 31. Calculate b(-4).
9
Suppose -5 = -4*o + w - 2, 2*o = 3*w - 11. Let l(i) be the first derivative of -2*i**3/3 + i**2 - 4. Determine l(o).
-4
Let g = -301/2 - -151. Let d(t) be the third derivative of -5/24*t**4 + 3*t**2 + 0 - 1/60*t**5 - g*t**3 + 0*t. Calculate d(-4).
1
Let g(a) = -a**3 + 6*a**2 - 2*a - 7. Let t(p) = -3*p - 5. Let q be t(-4). Let j be (-2)/3*-3 + 0. Suppose j = -h + q. What is g(h)?
8
Let n(k) be the second derivative of k**8/6720 - k**7/840 - k**6/720 - k**4/3 - 4*k. Let z(l) be the third derivative of n(l). What is z(3)?
-3
Let m(w) = 3*w + 3. Let r = -8 - -4. Determine m(r).
-9
Let x = 11 + -6. Suppose x*m - 5*n = -10, 1 = 4*m - 3*n + 9. Let l(o) be the first derivative of 3*o**2/2 - 3. Determine l(m).
-6
Let i(f) = -f**3 + 3*f**2 + 8*f - 4. Let z(y) = y**3 + 6*y**2 + 5*y - 1. Let c be z(-4). Suppose 0*l - 5*l = -5*w - 5, 3*l - c = w. What is i(l)?
-14
Let y(c) be the third derivative of -c**6/40 + c**5/60 - 2*c**2. Let n be y(-1). Let v(p) = -p**3 + 6*p**2 - 6*p + 1. Determine v(n).
9
Suppose -3*m + 4*d = 2, 0*d + 2 = 4*m - 3*d. Let v(f) = f**3 + f**2 - 1. Let x(p) = 3*p**3 + 7*p**2 + p - 1. Let k(g) = m*v(g) - x(g). Determine k(-5).
4
Let n be (-1 - 4)*(-1)/1. Let i(b) = -b**2 - 3*b. Let w(l) = l**2 + l. Let g(k) = n*w(k) + 2*i(k). Determine g(1).
2
Let o(n) = -4*n**2 - 4*n - 5. Let w(c) = -11*c**2 - 13*c - 16. Let m(r) = 8*o(r) - 3*w(r). What is m(-6)?
2
Let j(o) = -7*o**2 - 17*o - 14. Let h(z) = 2*z**2 + 6*z + 5. Let n(s) = 11*h(s) + 4*j(s). Calculate n(-1).
-5
Let m(l) = -3*l + 8. Let g be m(6). Let u = g - -7. Let v(w) = -w**3 - 2*w**2 + w - 2. What is v(u)?
4
Let z(f) = 5*f - 1. Let u(o) = 4*o - 1. Let p(q) = 2*u(q) - 3*z(q). Suppose -3*n = 9, 13 = -5*v - 5*n + 3. What is p(v)?
-6
Let j(r) be the first derivative of -r**6/120 - r**5/12 - 5*r**4/24 + r**3/6 - 2*r**2 - 3. Let l(s) be the second derivative of j(s). What is l(-4)?
5
Let p(y) be the second derivative of -y**2 + 0 - 3*y + 1/3*y**3. What is p(4)?
6
Let x(j) = j - 3. Suppose 2*t - 6 = -3*v + 4*t, -5*t + 10 = 5*v. Suppose 0 = -4*l + 5*i + 25, -4*i + 5*i - 9 = -v*l. Determine x(l).
2
Let w(s) be the third derivative of s**7/360 - s**6/360 + s**5/120 - 5*s**4/24 - s**2. Let m(d) be the second derivative of w(d). Determine m(1).
6
Let l be 10/3 + (-1)/3. Let f(d) = -l - d + 2 + 0. Let p(g) = g**3 - 4*g**2 + 2*g + 2. Let j be p(2). What is f(j)?
1
Let y(c) = -c**2 - 2*c. Suppose 90 = r + 2*r. Let t be (r/9 + -2)*-3. What is y(t)?
-8
Let d(c) be the second derivative of c**3/6 + 2*c**2 + 21*c. What is d(3)?
7
Suppose 0 = -a - 3*a + 48. Let b = a + -17. Let t(u) = u**2 + 6*u - 1. Give t(b).
-6
Let l(i) = -i**2 - 4*i + 7. Let q be ((-12)/(-14))/((-2)/(-14)). Let d be (2 - (0 + -1))/1. Let o be d/q*-2*5. Give l(o).
2
Suppose 0 = -4*d - 5*m, d + 4*m = -d. Let y(b) = -8*b + 20*b - 9 - 11*b - b**2. What is y(d)?
-9
Let v be (-4)/(-6) + 8/6. Let g be 4 + 1 - (1 + v). Suppose -g*o = 2*y - 0*y + 8, -o = 4*y + 1. Let h(a) = 2*a**2 + a - 1. What is h(y)?
2
Let p(j) = 2*j - 3. Let g = 3 + -1. Calculate p(g).
1
Suppose 0*p - 4 = 4*p. Let l(h) = -30*h**3 - h + 12*h**3 - 3 + 16*h**3 + 2. Calculate l(p).
2
Suppose u + 0 = -6. Let f(w) be the second derivative of w**3/6 + 5*w**2 + 2*w. What is f(u)?
4
Let j be (6*-1)/3 - -3. Let s = 2 + j. Let n(g) = g - 3 + s. Calculate n(5).
5
Let o(y) be the first derivative of -y**4/2 + 4*y**3/3 - 3*y**2/2 - 4*y - 21. What is o(3)?
-31
Let k(t) = t**3 - 4*t**2 - 3*t - 5. Suppose 0 = -4*l - 10 - 14. Let w = l + 11. Determine k(w).
5
Suppose 3*q - 3 = 3*l, -3*l + 4*l - 2*q - 1 = 0. Let p be l - 3 - 2/(-1). Let w(x) = x**3 + 3*x**2 - 5*x. Give w(p).
4
Let l(t) be the second derivative of -5*t**3/6 + t**2/2 + 7*t. Suppose 0 = -4*f + 1 + 27. Let k(o) = o - 8. Let q be k(f). Calculate l(q).
6
Let c(i) = -2*i**2 - 5*i - 1. Let k(r) = -r**2 - r. Let j(o) = -c(o) + 3*k(o). Determine j(2).
1
Suppose t - 9 = -2*r, -6*t = -4*t + 5*r - 16. Let m(v) = -t + 0*v + 12 - v. Determine m(2).
-3
Let q(g) be the second derivative of g**4/6 + g**3/6 - 3*g**2/2 - 2*g - 1. What is q(3)?
18
Let n(f) be the third derivative of -f**5/60 + 3*f**4/8 - 4*f**3/3 + 3*f**2. What is n(7